{"id":200,"date":"2025-03-04T15:16:14","date_gmt":"2025-03-04T20:16:14","guid":{"rendered":"https:\/\/accelerateursdebienetre.com\/?page_id=200"},"modified":"2025-08-14T17:06:51","modified_gmt":"2025-08-14T21:06:51","slug":"a-propos","status":"publish","type":"page","link":"https:\/\/accelerateursdebienetre.com\/index.php\/a-propos\/","title":{"rendered":"\u00c0 propos"},"content":{"rendered":"<p>[et_pb_section fb_built=\u00a0\u00bb1&Prime; admin_label=\u00a0\u00bbHero\u00a0\u00bb _builder_version=\u00a0\u00bb4.27.4&Prime; background_enable_color=\u00a0\u00bboff\u00a0\u00bb custom_padding=\u00a0\u00bb0|0px|0|0px|false|false\u00a0\u00bb global_colors_info=\u00a0\u00bb{}\u00a0\u00bb][et_pb_row padding_top_bottom_link_1=\u00a0\u00bbtrue\u00a0\u00bb _builder_version=\u00a0\u00bb4.27.4&Prime; custom_padding=\u00a0\u00bb0|0px|0|0px|false|false\u00a0\u00bb global_colors_info=\u00a0\u00bb{}\u00a0\u00bb custom_margin=\u00a0\u00bb|auto||64px||\u00a0\u00bb][et_pb_column type=\u00a0\u00bb4_4&Prime; _builder_version=\u00a0\u00bb4.27.4&Prime; background_color=\u00a0\u00bbRGBA(255,255,255,0)\u00a0\u00bb background_color_gradient_direction=\u00a0\u00bb270deg\u00a0\u00bb background_color_gradient_start=\u00a0\u00bb#ffffff\u00a0\u00bb background_color_gradient_end=\u00a0\u00bbrgba(255,255,255,0.8)\u00a0\u00bb custom_padding=\u00a0\u00bb3vw||1vw||false|false\u00a0\u00bb custom_padding_tablet=\u00a0\u00bb|5%||5%||true\u00a0\u00bb custom_padding_phone=\u00a0\u00bb|7%||7%||true\u00a0\u00bb global_colors_info=\u00a0\u00bb{}\u00a0\u00bb padding_phone=\u00a0\u00bb|7%||7%||true\u00a0\u00bb padding_tablet=\u00a0\u00bb|5%||5%||true\u00a0\u00bb custom_padding__hover=\u00a0\u00bb|||\u00a0\u00bb][et_pb_image src=\u00a0\u00bbhttps:\/\/accelerateursdebienetre.com\/wp-content\/uploads\/2025\/08\/Evelyne-lunettes-robe-jeans.jpg\u00a0\u00bb title_text=\u00a0\u00bbEvelyne lunettes robe jeans\u00a0\u00bb show_bottom_space=\u00a0\u00bboff\u00a0\u00bb align=\u00a0\u00bbcenter\u00a0\u00bb align_tablet=\u00a0\u00bbcenter\u00a0\u00bb align_phone=\u00a0\u00bbcenter\u00a0\u00bb align_last_edited=\u00a0\u00bbon|desktop\u00a0\u00bb _builder_version=\u00a0\u00bb4.27.4&Prime; background_enable_color=\u00a0\u00bboff\u00a0\u00bb max_width_last_edited=\u00a0\u00bboff|desktop\u00a0\u00bb module_alignment=\u00a0\u00bbcenter\u00a0\u00bb custom_margin=\u00a0\u00bb0px|-1px|0px|0px|false|false\u00a0\u00bb custom_padding=\u00a0\u00bb0px|0px|0px|0px|false|false\u00a0\u00bb animation_style=\u00a0\u00bbslide\u00a0\u00bb animation_direction=\u00a0\u00bbtop\u00a0\u00bb animation_intensity_slide=\u00a0\u00bb1%\u00a0\u00bb hover_enabled=\u00a0\u00bb0&Prime; box_shadow_style=\u00a0\u00bbpreset4&Prime; box_shadow_horizontal=\u00a0\u00bb120px\u00a0\u00bb box_shadow_vertical=\u00a0\u00bb120px\u00a0\u00bb box_shadow_spread=\u00a0\u00bb-60px\u00a0\u00bb box_shadow_color=\u00a0\u00bb#f0f2f6&Prime; global_colors_info=\u00a0\u00bb{}\u00a0\u00bb sticky_enabled=\u00a0\u00bb0&Prime; alt=\u00a0\u00bbEvelyne avec lunettes PSiO\u00a0\u00bb][\/et_pb_image][et_pb_text _builder_version=\u00a0\u00bb4.27.4&Prime; text_font=\u00a0\u00bbArial||||||||\u00a0\u00bb text_font_size=\u00a0\u00bb16px\u00a0\u00bb header_font=\u00a0\u00bbPlayfair Display|700|||||||\u00a0\u00bb header_text_color=\u00a0\u00bb#24647d\u00a0\u00bb header_font_size=\u00a0\u00bb70px\u00a0\u00bb header_line_height=\u00a0\u00bb1.5em\u00a0\u00bb header_3_font=\u00a0\u00bbLato|700||on|||||\u00a0\u00bb header_3_text_color=\u00a0\u00bb#3550a0&Prime; header_3_font_size=\u00a0\u00bb20px\u00a0\u00bb header_3_line_height=\u00a0\u00bb1.5em\u00a0\u00bb width=\u00a0\u00bb100%\u00a0\u00bb custom_margin=\u00a0\u00bb|||\u00a0\u00bb custom_padding=\u00a0\u00bb28px|||||\u00a0\u00bb header_font_size_tablet=\u00a0\u00bb50px\u00a0\u00bb header_font_size_phone=\u00a0\u00bb32px\u00a0\u00bb header_font_size_last_edited=\u00a0\u00bbon|tablet\u00a0\u00bb header_3_font_size_tablet=\u00a0\u00bb50px\u00a0\u00bb header_3_font_size_phone=\u00a0\u00bb32px\u00a0\u00bb header_3_font_size_last_edited=\u00a0\u00bboff|desktop\u00a0\u00bb locked=\u00a0\u00bboff\u00a0\u00bb global_colors_info=\u00a0\u00bb{}\u00a0\u00bb]<\/p>\n<h1>\u00c0 Propos<\/h1>\n<p><strong>Passionn\u00e9e du bien-\u00eatre \u00e0 votre service<\/strong><\/p>\n<p>Je suis Evelyne Desrochers, passionn\u00e9e de l\u2019humain et de la croissance personnelle. Apr\u00e8s avoir d\u00e9couvert les lunettes PSiO et exp\u00e9riment\u00e9 leurs bienfaits, j&rsquo;ai tellement \u00e9t\u00e9 impressionn\u00e9e par leurs effets la qualit\u00e9 de mon sommeil, ma gestion du stress et de mon anxi\u00e9t\u00e9 que je n&rsquo;avais pas le choix d&rsquo;\u00eatre convaincue!!! J&rsquo;ai choisi de devenir une ambassadrice afin de partager cette techologie avec le plus grand nombre de personnes.<\/p>\n<p><strong>Qui suis-je ?<\/strong><\/p>\n<p>\u00c0 la base, je suis une guide mieux-\u00eatre sp\u00e9cialis\u00e9e dans les outils de pleine conscience. \u00c0 travers Acc\u00e9l\u00e9rateur de Bien-\u00catre, j&rsquo;offre des s\u00e9ances PSiO pour permettre \u00e0 chacun de d\u00e9couvrir cette exp\u00e9rience unique de luminoth\u00e9rapie et de relaxation. Je suis \u00e9galement directrice du d\u00e9veloppement canadien et distributrice des produits PSiO Technologies dont les lunettes et le si\u00e8ge vibroacoustique afin d&rsquo;accompagner celles et ceux qui souhaitent int\u00e9grer ces outils dans leur quotidien en leur proposant les produits PSiO \u00e0 l\u2019achat, avec un suivi et des conseils personnalis\u00e9s.<\/p>\n<p><strong>Ma mission<\/strong><\/p>\n<p>Je crois en l\u2019importance du bien-\u00eatre mental et physique. C\u2019est pourquoi j&rsquo;ai \u00e0 c\u0153ur de faire d\u00e9couvrir les technologies PSiO, qui combine luminoth\u00e9rapie et relaxation par la voix et la musique. Mon objectif est d\u2019aider chacun \u00e0 mieux g\u00e9rer son stress, \u00e0 retrouver un sommeil r\u00e9parateur et \u00e0 am\u00e9liorer leur bien-\u00eatre g\u00e9n\u00e9ral.<\/p>\n<p><strong>Mon engagement envers vous<\/strong><\/p>\n<p>Vous accompagner dans votre d\u00e9marche de mieux-\u00eatre, que ce soit par des s\u00e9ances ou en vous guidant dans l\u2019acquisition et l\u2019utilisation des lunettes PSiO. Je suis \u00e0 votre disposition pour r\u00e9pondre \u00e0 vos questions et vous conseiller selon vos besoins sp\u00e9cifiques.<\/p>\n<p><strong>Envie d\u2019essayer ? <\/strong><\/p>\n<p>Venez vivre une s\u00e9ance ou d\u00e9couvrez comment int\u00e9grer PSiO dans votre quotidien !<\/p>\n<p>Contactez-moi pour plus d\u2019informations !<\/p>\n<p>[\/et_pb_text][et_pb_button button_text=\u00a0\u00bbEnvoyez-nous un message\u00a0\u00bb _builder_version=\u00a0\u00bb4.27.4&Prime; custom_button=\u00a0\u00bbon\u00a0\u00bb button_text_size=\u00a0\u00bb16px\u00a0\u00bb button_text_color=\u00a0\u00bb#FFFFFF\u00a0\u00bb button_bg_color=\u00a0\u00bb#24647d\u00a0\u00bb button_border_width=\u00a0\u00bb10px\u00a0\u00bb button_border_color=\u00a0\u00bbrgba(210,159,104,0)\u00a0\u00bb button_border_radius=\u00a0\u00bb100px\u00a0\u00bb button_font=\u00a0\u00bbLato|900|||||||\u00a0\u00bb button_use_icon=\u00a0\u00bboff\u00a0\u00bb button_bg_color_hover=\u00a0\u00bb#4159a0&Prime; locked=\u00a0\u00bboff\u00a0\u00bb global_colors_info=\u00a0\u00bb{}\u00a0\u00bb button_text_size__hover_enabled=\u00a0\u00bboff\u00a0\u00bb button_one_text_size__hover_enabled=\u00a0\u00bboff\u00a0\u00bb button_two_text_size__hover_enabled=\u00a0\u00bboff\u00a0\u00bb button_text_color__hover_enabled=\u00a0\u00bboff\u00a0\u00bb button_one_text_color__hover_enabled=\u00a0\u00bboff\u00a0\u00bb button_two_text_color__hover_enabled=\u00a0\u00bboff\u00a0\u00bb button_border_width__hover_enabled=\u00a0\u00bboff\u00a0\u00bb button_one_border_width__hover_enabled=\u00a0\u00bboff\u00a0\u00bb button_two_border_width__hover_enabled=\u00a0\u00bboff\u00a0\u00bb button_border_color__hover_enabled=\u00a0\u00bboff\u00a0\u00bb button_one_border_color__hover_enabled=\u00a0\u00bboff\u00a0\u00bb button_two_border_color__hover_enabled=\u00a0\u00bboff\u00a0\u00bb button_border_radius__hover_enabled=\u00a0\u00bboff\u00a0\u00bb button_one_border_radius__hover_enabled=\u00a0\u00bboff\u00a0\u00bb button_two_border_radius__hover_enabled=\u00a0\u00bboff\u00a0\u00bb button_letter_spacing__hover_enabled=\u00a0\u00bboff\u00a0\u00bb button_one_letter_spacing__hover_enabled=\u00a0\u00bboff\u00a0\u00bb button_two_letter_spacing__hover_enabled=\u00a0\u00bboff\u00a0\u00bb button_bg_color__hover_enabled=\u00a0\u00bbon\u00a0\u00bb button_bg_color__hover=\u00a0\u00bb#4159a0&Prime; button_one_bg_color__hover_enabled=\u00a0\u00bboff\u00a0\u00bb button_two_bg_color__hover_enabled=\u00a0\u00bboff\u00a0\u00bb]<\/p>\n<h1>About Anthony<\/h1>\n<h3>Business CoacH<\/h3>\n<p>Lorem ipsum dolor sit amet, consectetur adipiscing elit, sed do eiusmod tempor incididunt ut labore et dolore magna aliqua. Ut enim ad minim veniam. Lorem ipsum dolor sit amet, cons<\/p>\n<p>[\/et_pb_button][\/et_pb_column][\/et_pb_row][et_pb_row column_structure=\u00a0\u00bb1_2,1_2&Prime; _builder_version=\u00a0\u00bb4.27.4&Prime; _module_preset=\u00a0\u00bbdefault\u00a0\u00bb global_colors_info=\u00a0\u00bb{}\u00a0\u00bb][et_pb_column type=\u00a0\u00bb1_2&Prime; _builder_version=\u00a0\u00bb4.27.4&Prime; _module_preset=\u00a0\u00bbdefault\u00a0\u00bb global_colors_info=\u00a0\u00bb{}\u00a0\u00bb][et_pb_text _builder_version=\u00a0\u00bb4.27.4&Prime; _module_preset=\u00a0\u00bbdefault\u00a0\u00bb text_font_size=\u00a0\u00bb16px\u00a0\u00bb header_text_color=\u00a0\u00bb#24647d\u00a0\u00bb global_colors_info=\u00a0\u00bb{}\u00a0\u00bb]<\/p>\n<h3><span style=\"color: #24647d;\"><strong>Une passionn\u00e9e du bien-\u00eatre et de la pleine conscience<\/strong><\/span><\/h3>\n<p>Depuis mon adolescence, je me passionne pour la croissance personnelle, l\u2019humain, la psychologie et tout ce qui touche \u00e0 l\u2019\u00e9volution et \u00e0 l\u2019atteinte du bonheur. Cette qu\u00eate m\u2019a amen\u00e9e \u00e0 explorer de nombreuses approches du bien-\u00eatre, tant sur le plan personnel que professionnel.<br \/>Mon m\u00e9tier est d&amp;#39;accompagner les personnes dans leur cheminement vers un mieux-\u00eatre gr\u00e2ce aux outils de la pleine conscience. Que ce soit en s\u00e9ances individuelles, en groupe, lors de conf\u00e9rences, d\u2019ateliers ou de retraites, je transmets mes connaissances et mon v\u00e9cu pour aider chacun \u00e0 \u00e9voluer vers une vie plus coh\u00e9rente et \u00e9panouie. En parall\u00e8le, j\u2019enseigne la Zumba, pour compl\u00e9ter une approche holistique, t\u00eate, corps, esprit.<\/p>\n<p>En 2023, ma vie a pris un tournant d\u00e9cisif avec la d\u00e9couverte des lunettes PSiO. \u00c0 un moment o\u00f9 ma d\u00e9pression saisonni\u00e8re mena\u00e7ait de se transformer en quelque chose de plus profond, je cherchais une solution naturelle pour retrouver mon \u00e9quilibre.<\/p>\n<p>Apr\u00e8s seulement une semaine d\u2019utilisation, j\u2019ai constat\u00e9 une nette am\u00e9lioration de monhumeur.<\/p>\n<p>Puis, au fil des semaines, apr\u00e8s 30 ans d\u2019insomnie chronique, j\u2019ai enfin retrouv\u00e9 un<br \/>sommeil r\u00e9parateur.<\/p>\n<p>Cette transformation a \u00e9t\u00e9 si marquante que j\u2019ai d\u00e9cid\u00e9 de devenir ambassadrice PSiO afin de partager cet outil puissant avec le plus grand nombre de personnes.<\/p>\n<p>En octobre 2024, j\u2019ai eu l\u2019honneur d\u2019\u00eatre nomm\u00e9e directrice du d\u00e9veloppement canadien pour PSiO Technologies, la compagnie derri\u00e8re cette merveilleuse invention.<\/p>\n<p>Ce r\u00f4le me permet d\u2019\u0153uvrer \u00e0 la diffusion de cette technologie r\u00e9volutionnaire \u00e0 travers le pays, en aidant d\u2019autres professionnels du bien-\u00eatre \u00e0 int\u00e9grer les lunettes PSiO dans leur pratique.<\/p>\n<p>Gr\u00e2ce \u00e0 toutes mes exp\u00e9riences de vie, mes recherches, les formations que j\u2019ai suivies et les outils que j\u2019ai int\u00e9gr\u00e9s dans mon quotidien, j\u2019ai envie de partager le tout et comme \u00e7a a litt\u00e9ralement transform\u00e9 ma vie, ma mission est d\u00e9sormais d\u2019aider le plus de gens possible \u00e0 se sentir bien et heureux au quotidien.<\/p>\n<p>[\/et_pb_text][\/et_pb_column][et_pb_column type=\u00a0\u00bb1_2&Prime; _builder_version=\u00a0\u00bb4.27.4&Prime; _module_preset=\u00a0\u00bbdefault\u00a0\u00bb global_colors_info=\u00a0\u00bb{}\u00a0\u00bb][et_pb_image src=\u00a0\u00bbhttps:\/\/accelerateursdebienetre.com\/wp-content\/uploads\/2025\/03\/EvelyneBio.jpeg\u00a0\u00bb title_text=\u00a0\u00bbEvelyneBio\u00a0\u00bb _builder_version=\u00a0\u00bb4.27.4&Prime; _module_preset=\u00a0\u00bbdefault\u00a0\u00bb global_colors_info=\u00a0\u00bb{}\u00a0\u00bb][\/et_pb_image][et_pb_text _builder_version=\u00a0\u00bb4.27.4&Prime; _module_preset=\u00a0\u00bbdefault\u00a0\u00bb text_text_color=\u00a0\u00bb#24647d\u00a0\u00bb text_font_size=\u00a0\u00bb21px\u00a0\u00bb custom_margin=\u00a0\u00bb||76px|||\u00a0\u00bb global_colors_info=\u00a0\u00bb{}\u00a0\u00bb]<\/p>\n<p style=\"text-align: center;\"><strong>Evelyne Desrochers<br \/><\/strong>Ambassadrice et <br \/>Directrice du d\u00e9veloppement canadien<br \/><strong>450-830-3335<\/strong><\/p>\n<p>[\/et_pb_text][\/et_pb_column][\/et_pb_row][et_pb_row column_structure=\u00a0\u00bb2_3,1_3&Prime; _builder_version=\u00a0\u00bb4.27.4&Prime; _module_preset=\u00a0\u00bbdefault\u00a0\u00bb custom_padding=\u00a0\u00bb18px||18px||true|false\u00a0\u00bb global_colors_info=\u00a0\u00bb{}\u00a0\u00bb][et_pb_column type=\u00a0\u00bb2_3&Prime; _builder_version=\u00a0\u00bb4.27.4&Prime; _module_preset=\u00a0\u00bbdefault\u00a0\u00bb global_colors_info=\u00a0\u00bb{}\u00a0\u00bb][\/et_pb_column][et_pb_column type=\u00a0\u00bb1_3&Prime; _builder_version=\u00a0\u00bb4.27.4&Prime; _module_preset=\u00a0\u00bbdefault\u00a0\u00bb global_colors_info=\u00a0\u00bb{}\u00a0\u00bb][\/et_pb_column][\/et_pb_row][\/et_pb_section]<\/p>\n","protected":false},"excerpt":{"rendered":"<p>\u00c0 Propos Passionn\u00e9e du bien-\u00eatre \u00e0 votre service Je suis Evelyne Desrochers, passionn\u00e9e de l\u2019humain et de la croissance personnelle. Apr\u00e8s avoir d\u00e9couvert les lunettes PSiO et exp\u00e9riment\u00e9 leurs bienfaits, j&rsquo;ai tellement \u00e9t\u00e9 impressionn\u00e9e par leurs effets la qualit\u00e9 de mon sommeil, ma gestion du stress et de mon anxi\u00e9t\u00e9 que je n&rsquo;avais pas le [&hellip;]<\/p>\n","protected":false},"author":1,"featured_media":0,"parent":0,"menu_order":0,"comment_status":"closed","ping_status":"closed","template":"","meta":{"_et_pb_use_builder":"on","_et_pb_old_content":"","_et_gb_content_width":"","footnotes":""},"class_list":["post-200","page","type-page","status-publish","hentry"],"_links":{"self":[{"href":"https:\/\/accelerateursdebienetre.com\/index.php\/wp-json\/wp\/v2\/pages\/200","targetHints":{"allow":["GET"]}}],"collection":[{"href":"https:\/\/accelerateursdebienetre.com\/index.php\/wp-json\/wp\/v2\/pages"}],"about":[{"href":"https:\/\/accelerateursdebienetre.com\/index.php\/wp-json\/wp\/v2\/types\/page"}],"author":[{"embeddable":true,"href":"https:\/\/accelerateursdebienetre.com\/index.php\/wp-json\/wp\/v2\/users\/1"}],"replies":[{"embeddable":true,"href":"https:\/\/accelerateursdebienetre.com\/index.php\/wp-json\/wp\/v2\/comments?post=200"}],"version-history":[{"count":22,"href":"https:\/\/accelerateursdebienetre.com\/index.php\/wp-json\/wp\/v2\/pages\/200\/revisions"}],"predecessor-version":[{"id":599,"href":"https:\/\/accelerateursdebienetre.com\/index.php\/wp-json\/wp\/v2\/pages\/200\/revisions\/599"}],"wp:attachment":[{"href":"https:\/\/accelerateursdebienetre.com\/index.php\/wp-json\/wp\/v2\/media?parent=200"}],"curies":[{"name":"wp","href":"https:\/\/api.w.org\/{rel}","templated":true}]}}